he highest common factor of l and 255?
15
Let v(x) = 43*x**2 - 1. Suppose 0 = 4*y - 3*o - 16, o = y - o - 9. Let b be v(y). What is the greatest common factor of b and 6?
6
Suppose l - 2*l + 14 = 0. What is the greatest common factor of 35 and l?
7
Let a = -24 - -68. Calculate the highest common factor of 11 and a.
11
Let u be ((-76)/133)/(4/(-14)). Let w be 1 - (-1)/(1/1). What is the greatest common divisor of w and u?
2
Let s = 52 + -37. Let a = -11 - -11. Suppose a = -m + 1, 5*m + 6 + 7 = 3*t. Calculate the highest common factor of t and s.
3
Let d(m) = 3*m + 20. Let t be d(0). Calculate the greatest common divisor of 220 and t.
20
Suppose 2*h - 80 = -3*h. Suppose o - h = 14. Let a be -10*((-12)/(-10))/(-1). Calculate the highest common divisor of a and o.
6
Let d be 15 + (0 + -1)*-4. What is the highest common divisor of 19 and d?
19
Suppose -5*z + 96 = 3*z. What is the highest common divisor of z and 4?
4
Let b = -5 - -7. Suppose 2*p + 20 = 4*w, -b*w + 2*p - 8 = -5*w. Suppose -c = n - 20, -w*c = -2*n + n + 25. What is the highest common factor of 3 and n?
3
Let m = -17 + 9. Let t be (12/m)/((-1)/26). What is the greatest common divisor of t and 13?
13
Let q(f) = 201*f + 1. Let t be q(1). Suppose 2*n = 4*n - t. Let d = n + -38. What is the greatest common factor of d and 7?
7
Let s(v) = -96*v + 9. Let t be s(-1). Calculate the highest common divisor of 15 and t.
15
Suppose 0 = b - 3*b + 38. Suppose 0*y - y + b = 0. Let r = 107 + -31. What is the highest common factor of r and y?
19
Let y = 42 - 30. Let v(w) = -w**2 + 6*w + 3. Let n be v(5). What is the highest common divisor of n and y?
4
Let x be -7*(-4 + (-24)/(-21)). Calculate the highest common factor of x and 80.
20
Let w(m) = -7*m - 2. Let i be w(-6). Suppose -12*l = -7*l - i. What is the greatest common factor of 64 and l?
8
Let q be -1 + 79 - (4 - 6). Let z be q + (-2 + 2)*1. What is the highest common factor of z and 10?
10
Suppose -3 = -2*h + 11. Let x = 12 - h. Suppose -x*g + g = -572. Calculate the highest common divisor of g and 13.
13
Suppose x + 1 = 2*a, -3*x = a - 8 - 3. Suppose -a*v = -v - 99. Calculate the highest common divisor of v and 11.
11
Let m = -236 + 436. What is the greatest common factor of 25 and m?
25
Let o(m) = m**2 + 73*m - 1 - 3 - 81*m. Let g be o(10). Calculate the greatest common factor of g and 40.
8
Let t(j) = 5*j. Let f be t(1). Suppose -4*p - 4*z = -24, z = 4*p - 2 - 2. Let s = f + p. Calculate the greatest common divisor of s and 28.
7
Suppose 3*c - f - 17 = 0, 7 = -c - c - 3*f. Suppose m + 226 = 2*y - m, 3*y + c*m = 332. Calculate the greatest common factor of y and 14.
14
Suppose -2*s + 3*s = 8. What is the highest common divisor of s and 32?
8
Let b(z) = -z**3 - 2*z + 2. Let k be b(-4). Let v = 263 - k. Suppose f + 2*f - v = 0. What is the greatest common divisor of 7 and f?
7
Let y be (72/(-42))/(1/(-21)). Calculate the highest common divisor of 180 and y.
36
Suppose -5*l - 2*p + 398 = 0, 2*l - 3*p = 81 + 82. Suppose -k - 3*k + 132 = -2*b, k = -5*b + 22. Calculate the greatest common factor of k and l.
16
Let p be (-9)/((-1)/(2 - 1)). Suppose -496 = -9*v + 395. What is the greatest common factor of p and v?
9
Let p(m) = m**2 + 11*m + 4. Let k(l) = -1. Let o(u) = -6*k(u) - p(u). Let x be o(-11). What is the highest common factor of 4 and x?
2
Suppose -3*t + 20 = -10. What is the greatest common factor of t and 5?
5
Let i be (20/(-21) - (-2)/7)*-15. Calculate the highest common divisor of 10 and i.
10
Let l(f) = f. Let s be l(3). Suppose 19 = s*m - 5. Suppose b - 11 = -g, 0*b - m = -2*b + 5*g. What is the highest common divisor of b and 36?
9
Let n(p) = 6*p + 3. Let g be n(-2). Let b = g + 29. Calculate the highest common divisor of 50 and b.
10
Suppose 2*y = -2*y + 20. Let v(x) = x**2 + 7*x + 9. Let f be v(-6). Let j be (4 + -3 - f) + 57. Calculate the highest common factor of j and y.
5
Let w(r) = -r**3 + r - 2. Let b(q) = -q**3 - 7*q**2 + 9*q + 5. Let k be b(-8). Let o be w(k). What is the highest common divisor of 2 and o?
2
Let a be -8*((-10)/4 - -2). Suppose 0 = -2*s + a*s - 154. Let q(k) = -k**2 + 12*k. Let z be q(11). Calculate the greatest common factor of s and z.
11
Let i be 4*(-1 - (-4)/2). Suppose -i*y - 4 + 84 = 0. What is the greatest common divisor of 4 and y?
4
Suppose -f = -2*o, 2*o - 2 = -o + f. Let w be (o - -40 - -2) + -2. Calculate the greatest common factor of w and 6.
6
Suppose 89 + 11 = 5*l. Calculate the greatest common factor of l and 160.
20
Let y be (26*-2 + 2)/(5/(-10)). Let v(g) = -2*g**3 + 2*g**2 + g - 2. Let u be v(-2). Calculate the highest common divisor of y and u.
20
Let k(b) = 6*b**2 + b - 30. Let d be k(5). Calculate the highest common divisor of d and 25.
25
Let d(w) = -w**2 - 6*w**2 - 7*w - 2*w - w**3. Let u be d(-6). Suppose 4*i - 4*r = 20, -3*i - 5*r = -i + u. What is the highest common divisor of 4 and i?
1
Suppose -3*x + 86 = 38. Calculate the highest common factor of 8 and x.
8
Suppose -10 = v - 32. What is the greatest common factor of 176 and v?
22
Let a = -43 - -66. Calculate the greatest common divisor of a and 92.
23
Suppose 3*s = -0*s + 63. What is the greatest common divisor of s and 231?
21
Let q(n) = -3*n**3 + 3*n**2 + 2*n + 2. Suppose 0*y - 8 = 4*y. Let h be q(y). Let l = h - 14. Calculate the highest common factor of l and 220.
20
Let g(i) = i**2 - 3*i - 5. Let v be g(4). Let d be (-159)/(-3) + 2*v. Suppose 2*z - d = 61. What is the highest common divisor of 14 and z?
14
Let u(w) = -w**3 - 15*w**2 - 2*w - 16. Let y be u(-16). What is the highest common divisor of y and 34?
34
Suppose -b + 0*b + 6 = 0. Let n be 2*4/b*3. Suppose 5*u - n*d - 242 = 0, 4*d = 3*u - 2*u - 42. What is the highest common factor of 10 and u?
10
Let v be 4/(-10) + (-14)/(-10). Let y be (-6 - 12)/(v/(-1)). Suppose 5*n - 178 = -y. What is the greatest common factor of 48 and n?
16
Suppose -175 = -2*y + 3*w, w = 2*y + 4*w - 145. Calculate the highest common factor of 8 and y.
8
Let v(i) = -3*i**3 + 2*i**2 + 2*i + 1. Let p be v(-1). Calculate the greatest common divisor of 44 and p.
4
Suppose 2*o - 3*w - 67 = -1, -4*o = -w - 142. Let z = -1 + 1. Suppose -g - 2*g + o = z. Calculate the highest common factor of 3 and g.
3
Suppose 0*h - 10 = -3*a - 2*h, -2*a = -4*h + 20. Suppose 3*n - f - 10 + a = 0, 2*n + 5*f = 1. Calculate the greatest common divisor of n and 6.
3
Suppose 10*j - 5*j - 10 = 0. Calculate the greatest common factor of j and 14.
2
Let x be 10/14 - 2/(-7). Let p = -4 + 8. Suppose 0 = -2*z + t + 15 - 2, -p*t - 17 = -z. Calculate the highest common divisor of x and z.
1
Let m(h) = h**2 + 4*h + 3. Let w be m(-4). Suppose -w*i + 129 = 4*j - 27, 5*j - 2*i = 172. Calculate the highest common divisor of j and 4.
4
Suppose 2 = 2*h - 3*h. Let t be 2/2 - (h + -33). What is the highest common factor of t and 9?
9
Suppose 0 = -2*t - 3*n + 39, 7*n = -2*t + 2*n + 45. Calculate the greatest common divisor of 45 and t.
15
Suppose 24 + 96 = 3*v. Let a = v - 24. Let z be 40*3/((-30)/(-4)). What is the highest common factor of a and z?
16
Suppose -v = -3*v + 42. Suppose -5*s + 34 = -36. What is the highest common factor of v and s?
7
Let d be (-3)/2*(-56)/(-21). Let g be 1/d - 545/(-4). Let z = g + -91. Calculate the highest common factor of z and 30.
15
Let j be (-3)/12*4*-1. Let b(y) = 15*y**2 + 2*y - 2. Let p be b(j). Calculate the highest common divisor of p and 75.
15
Let a(u) = u + 1. Let l be a(2). Let d be 36 + 0/(1 - l). What is the greatest common divisor of d and 18?
18
Let m(j) = -j + 17. Let z be m(-8). What is the greatest common divisor of 75 and z?
25
Let v(t) = t**3 + 11*t**2 - 3*t + 11. Let k be v(-11). What is the greatest common factor of 11 and k?
11
Suppose 7*h = 4*h + 27. Calculate the highest common factor of h and 45.
9
Suppose -47 - 5 = -4*i. Suppose 2 = 5*v + 32. Let d be (-621)/v + (-1)/(-2). Calculate the highest common divisor of d and i.
13
Suppose -310 = -3*c + 8*c. Let q be 4/(1 + 15/(-9)). Let d = q - c. What is the highest common divisor of d and 14?
14
Suppose 0 = -5*b - 6*b + 154. Suppose s + 4*p - 30 = 0, 5*s + 0*p = -4*p + 86. Calculate the highest common factor of b and s.
14
Let w = 738 + -515. Let n = w - 14. Calculate the greatest common divisor of 19 and n.
19
Let y(b) = -3*b + 19.